 x be (16/20)/((-4)/(-840)). Suppose -4*s + 32 + x = 0. What are the prime factors of s?
2, 5
Let h(k) = 11*k + 1. Suppose g + 2 = -0*g, a - g - 13 = 0. Let m = a + -8. List the prime factors of h(m).
2, 17
Let u(n) = 21*n**2 + 14*n + 118. Let a be u(-12). Let y = a - 1535. List the prime factors of y.
1439
What are the prime factors of (57 + -71)*(-3258)/7?
2, 3, 181
Suppose -4*p = -0*p + n - 11, 0 = 3*p - 3*n + 3. Let g be 3*(p/(-15))/(1/(-5)). Suppose -57 = -m + u, 5*u = g*u. List the prime factors of m.
3, 19
Let l be (-2)/(-14) + (-221)/(-119). Let y(t) = 7*t**2 - 3*t + 8. List the prime factors of y(l).
2, 3, 5
Suppose -3*x + 5*g + 938 = 0, -x + 196 + 118 = -3*g. Let o = 12 + x. List the prime factors of o.
17, 19
Suppose 25*k - 26*k = 25. Let u = k - -49. What are the prime factors of ((-37)/4)/(-6 - (-141)/u)?
2, 37
Let p = 14703 + -8710. List the prime factors of p.
13, 461
Let k(y) = y**3 - 12*y**2 - 195*y - 30. List the prime factors of k(25).
2, 5, 7, 23
Suppose 14*u + 3*u = 306. Let m(r) = -r**3 + 20*r**2 + 28*r - 48. List the prime factors of m(u).
2, 3, 23
Suppose -6424 = -3*j + 455. Suppose f + 5*d = 1179, 3*d + j = -11*f + 13*f. What are the prime factors of f?
2, 577
Let g(x) = -3*x + 15. Let f be g(4). Suppose 0 = -f*m - 2*m - 5. List the prime factors of 0 + 188 + m + 2.
3, 7
Suppose -11*b = -55*b - 37*b + 987390. What are the prime factors of b?
2, 5, 23, 53
Suppose 157388 = 112*f - 1554756. What are the prime factors of f?
15287
Suppose -8*x + 6326 + 8770 = -0*x. What are the prime factors of x?
3, 17, 37
Let o = -37 - -42. Suppose -4*h + 44 = -3*a, -13 = -o*a + 7. Let f(c) = -c**2 + 15*c + 3. List the prime factors of f(h).
17
Let k(n) = -6*n + 153. Let x(f) = -f + 22. Let m(c) = 2*k(c) - 15*x(c). Let q be (-18)/8*(100/5)/(-5). List the prime factors of m(q).
3
Let z be ((1 - -1) + -2)/1. Let t(w) = -5*w**2 + 95*w + 18. Let r be t(16). Suppose 4*n = -4*x + 352, -3*x + r = -z*x + n. What are the prime factors of x?
5, 17
Let m = 503 + 1962. List the prime factors of m.
5, 17, 29
Suppose 5*o + 2 = l, -5*l = 5*o - 8*l + 6. Let s(j) = -j**2 - 7*j + 76. Let k be s(-13). List the prime factors of (o - -7)*(-1 - k).
7
Let v(i) = 6*i + 236. Let l be v(-39). Let q(a) = 137*a**2 - 7*a + 3. List the prime factors of q(l).
3, 179
Let p be (-1 + 0)/((-1)/4). Suppose 4*k - p*j - 56 = 3*k, -3*j + 9 = 0. What are the prime factors of k - (-12)/(-8)*-2?
71
Let k(a) = -17*a - 156. Let h be k(-9). List the prime factors of (-2)/h - (-77282)/51.
2, 379
What are the prime factors of 1379*43/((-4515)/(-3120))?
2, 13, 197
Suppose 0 = -2*d - 2*q + 4446, -d - 3*q + 4*q + 2215 = 0. What are the prime factors of d?
7, 317
Suppose 5*f = -35, -17*v + 22*v - 178532 = f. List the prime factors of v.
5, 37, 193
Suppose 0 = -5*f + 25, 2*k + 4*f + 1318 = 4*k. Suppose y + 99 = a - 125, k = 3*a - 4*y. What are the prime factors of a?
227
Let g be -83796 - ((-84)/(-7) + -8). What are the prime factors of 2/18 - g/72?
2, 3, 97
Suppose 6 = 12*m - 42. List the prime factors of ((-18)/m)/(27/(-900)).
2, 3, 5
Suppose q + 16*z - 16556 = 12*z, -4*q = 2*z - 66210. What are the prime factors of q?
2, 2069
Let j(c) = -10062*c - 1508. What are the prime factors of j(-3)?
2, 13, 1103
Suppose 16 = 4*x + 4*x. Suppose 0 = x*c - 1167 + 165. List the prime factors of c.
3, 167
Let l(x) be the first derivative of 29*x**3/3 + x**2/2 + 2*x + 1167. Let a = -3 + 1. What are the prime factors of l(a)?
2, 29
Let i(r) = -r**2 + 4*r + 29. Suppose 0 = n - 27 + 17. Let o be i(n). Let s = 102 + o. What are the prime factors of s?
71
Let t = 403 - 386. What are the prime factors of 2/t + (-18681)/(-17)?
7, 157
Let d(o) = o**3 + 2*o**2 + 14*o - 3. Let i be d(4). Suppose -922 = -3*t + r, 2*r - 163 = -t + i. What are the prime factors of t?
2, 7, 11
Let t(c) = 7*c**2 + 141*c + 190. List the prime factors of t(46).
2, 17, 79
Let g(k) = 4582*k**2 - 14*k + 23. List the prime factors of g(-2).
18379
Let n be 50/4 + (-6)/4. Let m(j) = 20*j + 48. Let r(z) = 10*z + 23. Let d(c) = -3*m(c) + 7*r(c). List the prime factors of d(n).
127
Let d = 19508 + -12250. List the prime factors of d.
2, 19, 191
Let n = 3 - 0. Let m(k) = -39*k**3 + 5 - k**2 + k + 2*k**2 + 46*k**n. What are the prime factors of m(2)?
67
Suppose k + n = -4*k + 321, 2*n = -3*k + 194. Suppose -a = -2*c - 3*c - k, -3*c = a - 96. What are the prime factors of a?
2, 3, 7
Let a = -176 + 179. Suppose 2*z + a*m - 36 = -2*m, -5*m + 28 = z. List the prime factors of z.
2
Let f(d) = -13*d - 54. Let c be f(-3). Let o(q) = q + 7. Let u be o(9). List the prime factors of u/4 - (c + -1).
2, 5
Suppose -z + 5*p + 5 = 0, 3*z + z + 5*p - 95 = 0. Let c = 7 - z. Let i = 35 + c. What are the prime factors of i?
2, 11
Suppose 72*w = 22*w + 755400. What are the prime factors of w?
2, 3, 1259
Suppose -79466 + 352002 = 44*f. Suppose 0 = -4*a + f - 494. List the prime factors of a.
3, 5, 19
Suppose m + 2*x = 11361, -x - 1 = -0*x. Let n = m + -7731. List the prime factors of ((-2)/9)/1 - n/(-144).
5
Let n = 38 + -22. Let u(v) = -n + 6*v + 8*v + 25. What are the prime factors of u(5)?
79
List the prime factors of 44289 + -5 - (-54)/(-45)*-5.
2, 5, 43, 103
Let g(r) = -2*r + 23. Let w be g(4). What are the prime factors of 20/(w/3) + 386*4?
2, 3, 43
Suppose 21 + 0 = 7*y. Let g be -4 + -3 + 8 + -1. Suppose y*h = -3*u + 702, g = -u - 2*h + 91 + 140. List the prime factors of u.
3, 79
Let l(a) = a**2 - 9*a + 19. Let y be l(4). Let k(f) = 392*f**2 + 8*f + 7. What are the prime factors of k(y)?
17, 23
Let k(w) = -2*w**3 - 18*w**2 - 18*w - 9. Let a be k(-8). Suppose -3*g - a*i + 3*i = -2182, -i = -g + 732. What are the prime factors of g?
2, 5, 73
Let u = -490 - -1355. List the prime factors of u.
5, 173
Let a = 4249 - 2951. List the prime factors of a.
2, 11, 59
Let g = 956 + 1778. Let q = -1816 + g. List the prime factors of q.
2, 3, 17
List the prime factors of 195045/6*(-84)/(-210).
13003
Let j = 64 + -37. Suppose 8*g = -j - 21. Let o(l) = -2*l**3 - 10*l**2 + 8. List the prime factors of o(g).
2, 5
Let c = 17652 - -681. What are the prime factors of c?
3, 7, 97
Let x = -9211 - -18429. List the prime factors of x.
2, 11, 419
Suppose 5*s + 16 = 4*q - 24, 0 = -2*q - 5*s - 10. Suppose 366 = g - q*k, k - 768 = -2*g - k. What are the prime factors of g?
3, 127
Let s(d) = 572*d + 7362. List the prime factors of s(80).
2, 26561
Let m(t) = t**3 + 12*t**2 - 11*t + 11. Let c be m(-13). Let s(q) = q**2 + 18*q + 48. Let p be s(c). Suppose 12*w - 1905 = -p*w. What are the prime factors of w?
127
Suppose -8*s = -625 - 263. Let c be -34*(5/(-40) - (-15)/(-8)). Let g = s - c. List the prime factors of g.
43
Let d(m) = 5964*m**3 - 2*m + 3. Let o be d(1). Suppose -15*b + 11345 = -o. List the prime factors of b.
2, 577
Suppose 4*y - 94585 = -89*d + 94*d, -2*y - 3*d + 47287 = 0. List the prime factors of y.
5, 4729
Let j(r) = r**2 - 3*r + 6. Let c be j(3). Suppose -c = -5*z - 4*x - 18, 3 = z - x. What are the prime factors of -136*(-2 + (z - -1))?
2, 17
Suppose 0*u - 4 = -u, -p + 5*u = 18. Let g(c) = 31 - 39 + 4*c**2 - c**3 + p*c + 0*c**3 + 0*c. What are the prime factors of g(-4)?
2, 7
Let b = 83 + -119. Let l = 66 - b. Suppose -2*x + 2 = 0, 0 = p - x - l - 39. List the prime factors of p.
2, 71
Suppose 3*w = w + 102. Let o = w - 51. What are the prime factors of o + 2 - -2 - -44?
2, 3
Let d be (-6)/14 - ((-38)/7 + 5). Suppose 5*k - 1705 = 5*r, 0 = -d*k + k + 3*r - 341. List the prime factors of k.
11, 31
Let f(v) = -1076*v + 3848. List the prime factors of f(-14).
2, 3, 197
Let p be 1/(-2)*0 + (-18)/(-9). Let s be ((-7)/(14/3))/(p/(-4)). Suppose -4*x - 5*t + 300 = 0, -2*t = s*x + t - 222. What are the prime factors of x?
2, 5, 7
Suppose 81631 + 251883 = 45*a + 58*a. List the prime factors of a.
2, 1619
Let d(s) = -1222*s - 3522. List the prime factors of d(-14).
2, 6793
Let c(x) = 52*x + 28. Suppose 4*y + 2*r - 20 = 0, -5*r - 7 = -5*y + 18. What are the prime factors of c(y)?
2, 3
Suppose 3*g = 6*z - 2*z + 1923, 5*z + 2430 = -5*g. Let k = -127 - z. What are the prime factors of k?
2, 89
Let c(f) be the second derivative of f**5/30 - 3*f**4/8 + f**3/2 - f**2/2 + 10*f. Let u(y) be the first derivative of c(y). What are the prime factors of u(6)?
3, 7
Suppose 18*z - 15*z = 6. Supp